er when 305 is divided by 34?
33
What is the remainder when 119775 is divided by 84?
75
What is the remainder when 191760 is divided by 524?
500
Calculate the remainder when 44100 is divided by 1106.
966
Calculate the remainder when 35999 is divided by 20.
19
What is the remainder when 8232 is divided by 328?
32
What is the remainder when 58523 is divided by 58508?
15
What is the remainder when 3047 is divided by 142?
65
What is the remainder when 227127 is divided by 26?
17
Calculate the remainder when 4449 is divided by 631.
32
Calculate the remainder when 17811 is divided by 324.
315
Calculate the remainder when 11893 is divided by 5885.
123
What is the remainder when 5286 is divided by 380?
346
Calculate the remainder when 1596045 is divided by 466.
461
What is the remainder when 2953 is divided by 85?
63
What is the remainder when 1025 is divided by 463?
99
What is the remainder when 58595 is divided by 580?
15
Calculate the remainder when 35130 is divided by 251.
241
Calculate the remainder when 7812 is divided by 3897.
18
What is the remainder when 50269 is divided by 79?
25
What is the remainder when 429250 is divided by 214623?
4
What is the remainder when 626 is divided by 176?
98
What is the remainder when 71077 is divided by 17767?
9
What is the remainder when 3019 is divided by 24?
19
What is the remainder when 690697 is divided by 62?
17
What is the remainder when 25872 is divided by 6462?
24
Calculate the remainder when 55371 is divided by 613.
201
Calculate the remainder when 254013 is divided by 324.
321
What is the remainder when 186447 is divided by 542?
541
Calculate the remainder when 16724 is divided by 5557.
53
What is the remainder when 7951 is divided by 345?
16
Calculate the remainder when 251 is divided by 62.
3
What is the remainder when 2161 is divided by 147?
103
Calculate the remainder when 2637868 is divided by 277.
274
What is the remainder when 24669 is divided by 16?
13
Calculate the remainder when 8493 is divided by 77.
23
Calculate the remainder when 3786 is divided by 1442.
902
What is the remainder when 9036 is divided by 475?
11
What is the remainder when 154151 is divided by 18?
17
What is the remainder when 33726 is divided by 553?
546
Calculate the remainder when 2046 is divided by 728.
590
Calculate the remainder when 13105 is divided by 2876.
1601
What is the remainder when 50723 is divided by 597?
575
What is the remainder when 374 is divided by 43?
30
Calculate the remainder when 33228 is divided by 10918.
474
What is the remainder when 2455 is divided by 318?
229
What is the remainder when 17180 is divided by 2147?
4
Calculate the remainder when 118165 is divided by 39381.
22
Calculate the remainder when 20359 is divided by 23.
4
What is the remainder when 12061 is divided by 104?
101
What is the remainder when 3393 is divided by 325?
143
What is the remainder when 134563 is divided by 339?
319
What is the remainder when 20115 is divided by 6698?
21
Calculate the remainder when 27449 is divided by 1193.
10
What is the remainder when 157183 is divided by 315?
313
What is the remainder when 981286 is divided by 792?
790
What is the remainder when 60392 is divided by 289?
280
Calculate the remainder when 84245 is divided by 19.
18
What is the remainder when 1153 is divided by 711?
442
Calculate the remainder when 867 is divided by 43.
7
Calculate the remainder when 255392 is divided by 112.
32
Calculate the remainder when 25083 is divided by 557.
18
What is the remainder when 466525 is divided by 179?
51
What is the remainder when 121917 is divided by 748?
741
Calculate the remainder when 14891 is divided by 25.
16
Calculate the remainder when 7963 is divided by 707.
186
Calculate the remainder when 213714 is divided by 46.
44
What is the remainder when 1538521 is divided by 52?
49
Calculate the remainder when 176380 is divided by 106.
102
Calculate the remainder when 36968 is divided by 9152.
360
Calculate the remainder when 2100 is divided by 115.
30
What is the remainder when 27537 is divided by 6878?
25
What is the remainder when 89042 is divided by 856?
18
What is the remainder when 14611 is divided by 99?
58
Calculate the remainder when 16979 is divided by 27.
23
Calculate the remainder when 1084 is divided by 585.
499
Calculate the remainder when 80498 is divided by 460.
458
What is the remainder when 24598 is divided by 417?
412
What is the remainder when 144 is divided by 15?
9
What is the remainder when 3558 is divided by 111?
6
What is the remainder when 10286 is divided by 159?
110
Calculate the remainder when 223092 is divided by 331.
329
Calculate the remainder when 13885 is divided by 30.
25
Calculate the remainder when 8468 is divided by 1282.
776
What is the remainder when 109875 is divided by 401?
1
What is the remainder when 20103 is divided by 156?
135
Calculate the remainder when 1216 is divided by 10.
6
Calculate the remainder when 29749 is divided by 350.
349
Calculate the remainder when 13225 is divided by 357.
16
Calculate the remainder when 6384 is divided by 524.
96
What is the remainder when 7103 is divided by 543?
44
Calculate the remainder when 179919 is divided by 692.
691
What is the remainder when 30086 is divided by 14?
0
Calculate the remainder when 174087 is divided by 19343.
0
What is the remainder when 7589 is divided by 2042?
1463
What is the remainder when 1381595 is divided by 30702?
5
Calculate the remainder when 5636 is divided by 83.
75
What is the remainder when 10132 is divided by 1263?
28
Calculate the remainder when 4708 is divided by 297.
253
What is the remainder when 68716 is divided by 52?
24
Calculate the remainder when 28233 is divided by 5644.
13
Calculate the remainder when 10044 is divided by 628.
624
Calculate the remainder when 30374 is divided by 37.
34
Calculate the remainder when 1637 is divided by 38.
3
What is the remainder when 2816 is divided by 63?
44
What is the remainder when 36171 is divided by 18034?
103
What is the remainder when 8499 is divided by 126?
57
What is the remainder when 10325 is divided by 745?
640
What is the remainder when 23698 is divided by 93?
76
Calculate the remainder when 9879 is divided by 3282.
33
What is the remainder when 137322 is divided by 74?
52
What is the remainder when 64392 is divided by 322?
314
What is the remainder when 3920 is divided by 3899?
21
Calculate the remainder when 55057 is divided by 18349.
10
What is the remainder when 1243 is divided by 3?
1
What is the remainder when 393516 is divided by 62?
2
Calculate the remainder when 31285 is divided by 467.
463
Calculate the remainder when 122953 is divided by 35.
33
Calculate the remainder when 306000 is divided by 41.
17
Calculate the remainder when 3771 is divided by 626.
15
What is the remainder when 86378 is divided by 2401?
2343
Calculate the remainder when 1334803 is divided by 15.
13
Calculate the remainder when 2361 is divided by 68.
49
What is the remainder when 20211 is divided by 27?
15
What is the remainder when 2248 is divided by 375?
373
What is the remainder when 7598 is divided by 3569?
460
Calculate the remainder when 734304 is divided by 73.
70
What is the remainder when 12627 is divided by 275?
252
What is the remainder when 43788 is divided by 19?
12
What is the remainder when 89695 is divided by 2185?
110
What is the remainder when 727161 is divided by 1748?
1741
Calculate the remainder when 23007 is divided by 195.
192
What is the remainder when 3953 is divided by 263?
8
Calculate the remainder when 11434 is divided by 110.
104
What is the remainder when 61696 is divided by 791?
789
Calculate the remainder when 28746 is divided by 125.
121
Calculate the remainder when 877424 is divided by 125346.
2
Calculate the remainder when 567350 is divided by 843.
11
Calculate the remainder when 3879 is divided by 2.
1
Calculate the remainder when 39996 is divided by 1025.
21
What is the remainder when 9999 is divided by 9999?
0
What is the remainder when 20333 is divided by 5058?
101
What is the remainder when 49932 is divided by 114?
0
What is the remainder when 27423 is divided by 6775?
323
Calculate the remainder when 327 is divided by 12.
3
Calculate the remainder when 220768 is divided by 1355.
1258
What is the remain